157
What are the prime factors of 21950535?
3, 5, 29, 50461
List the prime factors of 526494.
2, 3, 47, 1867
What are the prime factors of 395995?
5, 29, 2731
What are the prime factors of 526212?
2, 3, 47, 311
List the prime factors of 148964.
2, 167, 223
What are the prime factors of 4628714?
2, 547, 4231
What are the prime factors of 901917?
3, 100213
What are the prime factors of 448735?
5, 7, 12821
List the prime factors of 2104880.
2, 5, 83, 317
What are the prime factors of 2063?
2063
List the prime factors of 137371.
13, 10567
What are the prime factors of 15239228?
2, 31, 59, 2083
List the prime factors of 5002867.
1153, 4339
List the prime factors of 1131801.
3, 11, 34297
What are the prime factors of 356269?
17, 19, 1103
What are the prime factors of 3636?
2, 3, 101
What are the prime factors of 238220?
2, 5, 43, 277
What are the prime factors of 981708?
2, 3, 7, 13, 29, 31
List the prime factors of 12609390.
2, 3, 5, 420313
What are the prime factors of 1084974?
2, 3, 11, 17, 967
What are the prime factors of 38420948?
2, 23, 37, 11287
What are the prime factors of 305388?
2, 3, 17, 499
List the prime factors of 229076.
2, 57269
List the prime factors of 8558315.
5, 163, 10501
What are the prime factors of 42874?
2, 13, 17, 97
What are the prime factors of 9585341?
29, 383, 863
What are the prime factors of 169656?
2, 3, 7069
What are the prime factors of 279645?
3, 5, 103, 181
List the prime factors of 20719689.
3, 857, 8059
List the prime factors of 3460830.
2, 3, 5, 115361
List the prime factors of 1641.
3, 547
List the prime factors of 379996.
2, 94999
What are the prime factors of 3766374?
2, 3, 83, 2521
What are the prime factors of 30710251?
11, 13, 19, 89, 127
What are the prime factors of 227059?
7, 163, 199
What are the prime factors of 5235796?
2, 17, 37, 2081
List the prime factors of 406652.
2, 101663
What are the prime factors of 2993523?
3, 13, 76757
List the prime factors of 5901011.
941, 6271
List the prime factors of 2983372.
2, 7, 47, 2267
What are the prime factors of 32199?
3, 10733
What are the prime factors of 9640881?
3, 1031, 1039
What are the prime factors of 1875891?
3, 71, 8807
What are the prime factors of 22759421?
47, 484243
List the prime factors of 355350.
2, 3, 5, 23, 103
What are the prime factors of 16279155?
3, 5, 43, 47, 179
What are the prime factors of 10036593?
3, 7, 159311
What are the prime factors of 3710596?
2, 927649
List the prime factors of 110433.
3, 131, 281
List the prime factors of 1205672.
2, 13, 11593
List the prime factors of 317458.
2, 17, 9337
What are the prime factors of 834358?
2, 7, 61, 977
List the prime factors of 17284607.
3931, 4397
List the prime factors of 828518.
2, 414259
List the prime factors of 20007962.
2, 13, 59, 13043
List the prime factors of 4439768.
2, 19, 29209
What are the prime factors of 8489243?
7, 37, 73, 449
What are the prime factors of 1869096?
2, 3, 47, 1657
List the prime factors of 2724991.
347, 7853
List the prime factors of 36285.
3, 5, 41, 59
What are the prime factors of 1322544?
2, 3, 59, 467
List the prime factors of 1290100.
2, 5, 7, 19, 97
What are the prime factors of 98969?
13, 23, 331
List the prime factors of 165174.
2, 3, 27529
What are the prime factors of 330524?
2, 19, 4349
What are the prime factors of 1029011?
587, 1753
What are the prime factors of 1208416?
2, 11, 3433
What are the prime factors of 2465013?
3, 199, 4129
What are the prime factors of 1644178?
2, 23, 31, 1153
What are the prime factors of 2040724?
2, 7, 72883
List the prime factors of 673107.
3, 89, 2521
List the prime factors of 7942129.
13, 610933
What are the prime factors of 865455?
3, 5, 57697
What are the prime factors of 1072283?
23, 2027
List the prime factors of 4429945.
5, 13, 17, 19, 211
What are the prime factors of 6381090?
2, 3, 5, 70901
What are the prime factors of 3054072?
2, 3, 7, 53
List the prime factors of 13490703.
3, 19, 78893
What are the prime factors of 1208562?
2, 3, 71, 2837
List the prime factors of 225431.
225431
What are the prime factors of 3071979?
3, 113777
List the prime factors of 7164000.
2, 3, 5, 199
What are the prime factors of 36394858?
2, 17, 59, 18143
What are the prime factors of 2944062?
2, 3, 11, 14869
What are the prime factors of 22406765?
5, 17, 263609
List the prime factors of 2656610.
2, 5, 11, 24151
What are the prime factors of 349764?
2, 3, 29147
What are the prime factors of 20673153?
3, 43, 53419
What are the prime factors of 126166?
2, 199, 317
What are the prime factors of 11510823?
3, 3836941
List the prime factors of 2523935.
5, 504787
What are the prime factors of 11348242?
2, 179, 31699
List the prime factors of 2362315.
5, 173, 2731
What are the prime factors of 240260?
2, 5, 41, 293
List the prime factors of 13087105.
5, 19, 347, 397
What are the prime factors of 7584560?
2, 5, 113, 839
What are the prime factors of 2201375?
5, 11, 1601
What are the prime factors of 2260831?
23, 98297
What are the prime factors of 10251973?
10251973
What are the prime factors of 2097564?
2, 3, 7, 24971
What are the prime factors of 394240?
2, 5, 7, 11
What are the prime factors of 376892?
2, 59, 1597
List the prime factors of 4154488.
2, 13, 43, 929
What are the prime factors of 3263900?
2, 5, 127, 257
What are the prime factors of 69879?
3, 23293
List the prime factors of 338048.
2, 19, 139
List the prime factors of 959076.
2, 3, 26641
What are the prime factors of 1326118?
2, 31, 73, 293
What are the prime factors of 256154?
2, 211, 607
What are the prime factors of 136959?
3, 71, 643
What are the prime factors of 52032?
2, 3, 271
What are the prime factors of 4608658?
2, 83, 27763
What are the prime factors of 2221588?
2, 373, 1489
What are the prime factors of 5262033?
3, 7, 31, 59, 137
What are the prime factors of 592860?
2, 3, 5, 41, 241
List the prime factors of 209299.
209299
List the prime factors of 1336238.
2, 433, 1543
What are the prime factors of 10053617?
7, 1436231
What are the prime factors of 290551?
29, 43, 233
What are the prime factors of 281524?
2, 70381
What are the prime factors of 24098?
2, 12049
List the prime factors of 311871.
3, 7, 14851
List the prime factors of 505315.
5, 101063
What are the prime factors of 1224975?
3, 5, 16333
List the prime factors of 573430.
2, 5, 11, 13, 401
What are the prime factors of 3833481?
3, 29, 139, 317
What are the prime factors of 5106686?
2, 13, 59, 3329
What are the prime factors of 982738?
2, 89, 5521
List the prime factors of 185686.
2, 227, 409
List the prime factors of 188451.
3, 20939
What are the prime factors of 5327201?
11, 19, 71, 359
What are the prime factors of 169335?
3, 5, 53, 71
List the prime factors of 13242755.
5, 89, 29759
List the prime factors of 11081184.
2, 3, 115429
List the prime factors of 979653.
3, 251, 1301
What are the prime factors of 13704494?
2, 6852247
What are the prime factors of 3118?
2, 1559
List the prime factors of 267533.
7, 38219
What are the prime factors of 1196838?
2, 3, 66491
What are the prime factors of 501965?
5, 100393
List the prime factors of 149663.
19, 7877
What are the prime factors of 1278611?
1278611
What are the prime factors of 4919748?
2, 3, 281, 1459
List the prime factors of 875538.
2, 3, 127, 383
List the prime factors of 4064901.
3, 29, 46723
What are the prime factors of 400471?
400471
List the prime factors of 11286667.
7, 227, 7103
List the prime factors of 5038755.
3, 5, 335917
What are the prime factors of 112565?
5, 47, 479
List the prime factors of 7950947.
7950947
What are the prime factors of 24810514?
2, 17, 23, 31727
What are the prime factors of 13173270?
2, 3, 5, 11, 19, 191
List the prime factors of 358273.
358273
List the prime factors of 11506693.
11, 23, 45481
List the prime factors of 3083833.
19, 101, 1607
What are the prime factors of 1861962?
2, 3, 19, 16333
List the prime factors of 894479.
883, 1013
List the prime factors of 3135054.
2, 3, 13, 40193
List the prime factors of 1524639.
3, 508213
What are the prime factors of 2337662?
2, 1168831
What are the prime factors of 843584?
2, 7, 269
What are the prime factors of 7598554?
2, 1181, 3217
What are the prime factors of 2085120?
2, 3, 5, 181
What are the prime factors of 263864?
2, 32983
What are the prime 